(y) = -16*y**2 + 11*y - 11. Let w(h) = 3*h**2 - 2*h + 2. Let n(c) = 2*r(c) + 11*w(c). Determine n(2).
4
Let v(i) = 2*i. Let c(m) = 6*m - 2. Let s(z) = -c(z) + 5*v(z). Determine s(3).
14
Let s = -25 - -25. Let n(d) = s + 0 + 2*d - d + 1. Determine n(-5).
-4
Let h(x) be the third derivative of -x**2 + 1/6*x**4 + 0 + x**3 + 0*x - 1/120*x**6 + 1/15*x**5. Determine h(5).
1
Let a(l) = 2*l + 1. Let j = -28 - -17. Let d(t) = t - 7. Let x(u) = -6*u + 36. Let o(q) = j*d(q) - 2*x(q). Let r be o(-7). Determine a(r).
-3
Suppose -2*m = 2*m + 8. Let u be (-1)/(m + (-10)/(-6)). Let n(s) = -2*s - 1. Let x(y) = -2*y - 1. Let q(z) = -3*n(z) + 2*x(z). Determine q(u).
7
Let t(c) be the first derivative of -c**5/60 - 7*c**4/24 + 11*c**3/6 + 9*c**2/2 + 4. Let b(k) be the second derivative of t(k). What is b(-8)?
3
Let g(t) = t - 3. Let l(h) = h - 2. Let v(y) = -3*g(y) + 5*l(y). Calculate v(2).
3
Let m(k) = k**2 - 5*k - 2. Let t = 20 + -16. Give m(t).
-6
Let j(n) = -5*n - 1. Suppose 10 - 12 = -2*u. Let m(k) = -k. Let g(i) = u*m(i) + j(i). Determine g(1).
-7
Let k(p) = -p**2 + 7*p - 8. Let l be k(6). Let o(f) = 10*f + 4. Let d(n) = 7*n + 3. Let h(z) = -7*d(z) + 5*o(z). Determine h(l).
-3
Let r(f) = 11*f + 12. Let n(d) = -6*d - 7. Let q(z) = -7*n(z) - 4*r(z). Give q(-1).
3
Let h be 6/(-10) - (-21)/(-15). Let w(z) = -z + 2. What is w(h)?
4
Suppose 5*q = q + 20. Let i(w) be the third derivative of 0 - 1/6*w**3 + 2*w**2 - 1/60*w**q + 0*w - 1/24*w**4. What is i(0)?
-1
Let w(k) be the third derivative of 0*k + 1/60*k**5 - 1/24*k**4 + 0*k**3 - 2*k**2 + 0. What is w(4)?
12
Let v = 16 - 13. Let m(s) be the second derivative of 0 - 1/6*s**v - 2*s - 5/2*s**2. Calculate m(-4).
-1
Let s(f) = -f**3 - 3*f**2 + 3*f + 3. Suppose -3*o - 15 = -0*o. Let z = o - -5. Suppose z*m + m - 5*q = 23, -28 = 4*m + 4*q. Give s(m).
-7
Let p be ((-6)/15)/(33/15 - 2). Let s(d) = -5*d**2 - d + 1. Determine s(p).
-17
Suppose 24 + 12 = 6*h. Let l(a) = -a**2 + 9*a - 8. Calculate l(h).
10
Let t(g) be the third derivative of 0*g + 0*g**3 + 1/24*g**4 + 0 + 2*g**2. Determine t(-5).
-5
Let m(v) = v**2 + 5*v + 3. Let s(u) = -5*u + u**2 + 3 + 0 + 0. Let g(y) = y**2 - 4*y - 2. Let o be g(5). Let c be s(o). Calculate m(c).
-3
Let r(y) = 5*y**2 + 2*y - 4 + 2 + y**3 - 1. Let k be r(-4). Let j(x) = -7*x**2 + 5*x + 2. Let u(d) = -d**2 + 1. Let q(f) = j(f) - 6*u(f). What is q(k)?
-4
Let j(d) = d**2 + 5*d + 5. Suppose 2*r = 6*r - 36. Let h be (-5)/((-15)/r) - 8. Let s be j(h). Let v(g) = g**3 - 5*g**2 + 2*g + 1. What is v(s)?
11
Let h(w) = -3*w**2 - 2*w + 2. Let n(l) = 4*l**2 - 1. Let m be n(-1). Suppose 3*b - d = 0, -2*d + 3 = -m. Suppose -b = i + 1. Give h(i).
-6
Let p(a) = 2*a**3 - 2*a**2 + a. Suppose -2 = -0*d - 2*d. Determine p(d).
1
Let x(r) = -r**2 + 5*r + 2. Suppose 16 = -0*s + 4*s. Suppose -s*o + 5 = -3*o. Determine x(o).
2
Let v(z) = -z**3 - 13*z**2 - 14*z - 18. Let j(g) = -2*g**2 - g - 2. Let a be j(2). Let f be v(a). Let k(m) = -m**2 + 7*m - 3. Determine k(f).
3
Let o(b) be the first derivative of 3*b**2/2 + 3*b - 8. Let d(v) be the third derivative of -v**5/60 - v**4/4 + 2*v**3/3 + v**2. Let k be d(-7). Give o(k).
-6
Let x(j) = -j**2 + 4*j + 3. Let i = -62 + 44. Let y be 2/(-3)*i/12. Let f = y + 4. Give x(f).
-2
Let x = 13 + -10. Let z(d) = 3*d - 3*d - x*d + 7*d + 1. Calculate z(-1).
-3
Let i(s) = -s**2 - 2*s + 2. Suppose 5*f - 4*f - 5*m = -8, -2*f = m - 17. Let b = -11 + f. Determine i(b).
-6
Let k(d) = 6*d + 3*d**2 - 4 - 7*d - 8*d**3 + 7*d**3 + 2*d**2. Let i be (-2)/4*0 + 6. Let n(g) = 2*g - 8. Let b be n(i). Determine k(b).
8
Let o be 1*((-2)/2 + -1). Let z(k) = -2*k**3 + 6*k**2 - 5*k + 14. Let w(m) = m**3 - 2*m**2 + 2*m - 5. Let p(s) = -8*w(s) - 3*z(s). Determine p(o).
8
Suppose 4*k - 7 = -27. Let v = 5 + k. Let p(z) = -4*z**2 + z + 3. Let q(h) = -7*h**2 + 2*h + 6. Let a(x) = -5*p(x) + 3*q(x). Determine a(v).
3
Let v(b) be the first derivative of 0*b - 6 - 1/2*b**2 - 1/3*b**3. Calculate v(-1).
0
Let x(c) = 2*c + 12. Let z be x(-5). Let n(y) = -5*y - 1. Let t(g) = 4*g. Let o(v) = z*n(v) + 3*t(v). What is o(6)?
10
Let a(k) = -2 + 2*k + 0 + 756*k**2 - 757*k**2. What is a(3)?
-5
Let n(a) be the first derivative of a**4/12 - a**3 + 3*a**2 + 3*a - 2. Let u(c) be the first derivative of n(c). Suppose 5*o - 15 = 5. Give u(o).
-2
Suppose c - 2*c + 2 = 0. Let z be (3 - 0)/(3/2). Let s(t) = -t - t**2 + c + 5*t**z + 3*t + t**3. Determine s(-3).
5
Let a(b) = -3*b**2. Let m(i) = i + 1. Let h(f) = -f**2 + f + 3. Let y(r) = h(r) + 2*m(r). Let t be y(4). Give a(t).
-3
Suppose 2*x + 5*h + 21 = 0, -3 = h + 2. Let g(m) = -7*m**x - 11*m - 1 + 11*m. What is g(-1)?
-8
Let z = -15 - -20. Let u(m) = -m**3 + 5*m**2 + m - 6. Give u(z).
-1
Let s(t) = -2 + 1 - t**2 - 5*t + 3 - 3. Let g(h) = h + 1. Let a(o) = 2*g(o) + s(o). Give a(-3).
1
Let h(y) = y**3 + 7*y**2 - 9*y - 3. Suppose 0 = -5*o - 5*n - 55, -2*o + 5*n + 4 = 5. Determine h(o).
5
Suppose 3*x + 2*r + 2 = r, -5*r = -3*x - 8. Let y(j) = -5*j**2 - j + 2*j + 8*j**2. Give y(x).
2
Let m(i) = -i**3 - 5*i**2 - 6*i - 6. Let a be m(-4). Suppose -a*f + 3 = -z, f + f + 3*z = 15. Let v(c) = -c**2 + 2*c + 2 + 0*c**2 - f*c. Calculate v(0).
2
Let m = -5429/30 + 181. Let d(h) be the third derivative of 1/120*h**6 + 2*h**2 + 0*h**4 - 1/3*h**3 - m*h**5 + 0*h + 0. Give d(3).
7
Suppose -c + 40 = 4*c. Let r be (0 + 2)/(c/(-20)). Let h(b) be the second derivative of -b**4/12 - 5*b**3/6 - b. Determine h(r).
0
Let s(f) = f**3 + 5*f**2 + 3*f - 2. Suppose -2*n - 23 = -5*q, 0 = 4*n + 3*q - 0 + 7. Calculate s(n).
2
Let d(v) = -v**2 + 6*v. Suppose 5*t + 6 = 41. Determine d(t).
-7
Let u(q) be the second derivative of 5/2*q**2 + 1/3*q**3 - 2*q + 1/2*q**4 + 1/20*q**5 + 0. Let o be 1*(-1 - -1) - 18/3. Calculate u(o).
-7
Let l = 19 + -16. Let k(z) = 2*z**3 + 4*z**2 + 5*z + 1. Let c(y) = 3*y**3 + 5*y**2 + 6*y + 1. Let v(w) = l*c(w) - 4*k(w). Determine v(3).
11
Let r(b) = b**3 - 2*b**2 + 2*b - 1. Suppose 0 = -5*y + 10, 0*h + 3 = 3*h - 3*y. Let j(s) = 4 + 0*s - 3*s**2 + 0 - s + s**h. Let n be j(3). Determine r(n).
0
Suppose 5*t + 10 = -15. Let i = t - -9. Let u(l) = l - 2. Determine u(i).
2
Let v(j) = 4*j**2 - 2*j - 1. Let i(w) = -5*w**2 + 2*w + 2. Let z(g) = 3*i(g) + 4*v(g). Let c(r) = r - 1. Let s(n) = -4*c(n) + z(n). Calculate s(5).
1
Let n = 0 - -4. Let b(z) be the third derivative of 0 - 1/20*z**5 + 1/120*z**6 - 1/4*z**4 + 0*z - 2*z**2 + z**3. Give b(n).
-2
Let k(f) = -5*f - 19. Let x be k(-3). Let w(d) = d**3 + 5*d**2 + 5*d + 1. Determine w(x).
-3
Let d(u) be the first derivative of -u**3/3 + 3*u**2 + 3*u + 4. What is d(6)?
3
Let o(z) = -z**2 - 3*z - 2. Let f(c) = -c**2 + 8*c - 4. Let h be f(6). Let m = 5 - h. Determine o(m).
-2
Let m(i) = -i**2 + i + 0*i**2 + 3*i. Let l(h) = -5*h + 26. Let f be l(4). Determine m(f).
-12
Let m(o) = 5*o. Let i(x) = 2*x. Let y(b) = 5*i(b) - 3*m(b). Let f be (-3)/2*(-6)/9. Give y(f).
-5
Let c be (-9)/(18/8) + -9. Let n(r) = r**3 + 13*r**2 - 2*r - 19. Give n(c).
7
Suppose 0 = 3*d - 9. Let x(t) = 2*t**3 + 0*t**d - 2*t**2 - 2 - 4*t + 0 - t**3. Determine x(-2).
-10
Let a be 1 - (-2)/(-4)*0. Let l be (-3*a)/(3/(-2)). Let y(w) = -w**2 + w - 2. Let h(x) = -5*x**2 + 4*x - 10. Let k(p) = 2*h(p) - 11*y(p). Calculate k(l).
0
Let j(c) = c**2 - c - 1. Let y(t) = -20*t**3 - 2*t**2 + 2*t + 1. Let w(f) = -2*j(f) - y(f). Determine w(1).
21
Let r(f) be the third derivative of f**4/24 - f**3/6 + 29*f**2 - 2. What is r(3)?
2
Let r(k) = 2*k - 6. Let t be r(0). Let z(d) = -d**3 - 6*d**2 + d + 1. What is z(t)?
-5
Let k(b) = -11 + b + 2 + 6. Give k(4).
1
Let n = 3 + -1. Let m be 34/6 - n/(-6). Let x(w) = -1 + 5*w**2 - m*w**2 + 6*w**2 + 2. Give x(1).
6
Let g(n) be the third derivative of -1/120*n**6 + 0 + n**2 + 0*n - 1/6*n**4 - 1/2*n**3 + 1/10*n**5. Suppose -5 = -r - 2*z + 6*z, 3*r - 3*z = 15. Determine g(r).
2
Let i(l) = l + 1. Let t(n) = 9*n + 8. Let h(m) = -3*i(m) - t(m). Let z(p) = 4*p + 4. Let q(g) = 3*h(g) + 8*z(g). Determine q(-2).
7
Let o(q) be the second derivative of q**4/12 + 7*q**3/6 + 7*q**2/2 - 3*q. Let x(c) = -6*c**2 + 1. Let s be x(1). Give o(s).
-3
Let c = 2 + 0. Let d = -6 + c. Let k(y) = -y - 4. Give k(d).
0
Let b(y) be the third derivative of -y**4/8 - y**3/2 - y**2. Let c(m) = -m**2 - 26*m - 71. Let h be c(-23). Determine b(h).
3
Let l(y) be the third derivative of 0 + 1/60